e 12) in base 11?
-a6569
34124120 (base 6) to base 7
11551254
6c407 (base 15) to base 6
11221541
What is 304421020 (base 7) in base 5?
14031244021
8adfb (base 16) to base 4
2022313323
1010232211 (base 4) to base 8
1045645
What is -33cd32 (base 16) in base 12?
-1178756
-68a68 (base 11) to base 7
-563620
1505325 (base 6) to base 3
11101222122
-25453632 (base 7) to base 15
-30b2e0
1001120200102 (base 3) to base 2
10001001010101111100
-115750 (base 9) to base 14
-1b667
Convert 41010143 (base 5) to base 8.
1202136
What is 132213220 (base 4) in base 2?
11110100111101000
What is -1710204 (base 8) in base 14?
-cc948
What is -165b0 (base 15) in base 12?
-35919
cc227 (base 13) to base 16
5a33b
Convert 6f26b7 (base 16) to base 12.
253361b
What is 23313310 (base 5) in base 11?
136514
-23331233 (base 5) to base 7
-1552364
What is -254310554 (base 6) in base 10?
-4970374
Convert -62909 (base 13) to base 3.
-100000012022
13a891 (base 12) to base 2
1010000011101101101
Convert 14aa9d (base 15) to base 10.
998023
What is -578793 (base 14) in base 13?
-8050c0
193cb9 (base 13) to base 7
5262321
Convert 675079 (base 11) to base 13.
2b8715
Convert 11101001011000010110 (base 2) to base 12.
3a1246
-50510020 (base 6) to base 3
-2201011010110
Convert -1001010001011011111 (base 2) to base 15.
-6005e
Convert 433000411 (base 5) to base 15.
2664db
Convert 20524250 (base 6) to base 11.
381585
3916986 (base 12) to base 6
1040410250
9a6a74 (base 11) to base 5
402331041
What is -432629 (base 11) in base 16?
-a8d5a
-101000111101000010110 (base 2) to base 16
-147a16
Convert -56916 (base 11) to base 16.
-14179
What is -231201 (base 12) in base 2?
-10001001001011100001
Convert 111001110111100101 (base 2) to base 5.
30041104
What is 17893 (base 10) in base 14?
6741
What is -168353 (base 9) in base 13?
-38775
What is -10011100011100100010 (base 2) in base 5?
-131001202
Convert 10815b9 (base 12) to base 11.
1864aa2
4343311032 (base 5) to base 11
5309799
333312232 (base 4) to base 3
111021210001
What is 766333 (base 10) in base 2?
10111011000101111101
Convert 1001010100101011110101 (base 2) to base 13.
677588
Convert 10120022211 (base 3) to base 4.
101021032
Convert -3331131241 (base 5) to base 16.
-6f2eae
Convert 3441 (base 13) to base 10.
7320
What is 14022032004 (base 5) in base 15?
185e7be
Convert -b2562 (base 13) to base 2.
-1001110000000000010
Convert -11101132 (base 4) to base 13.
-9aa5
What is 4024112 (base 5) in base 11?
44329
-101100110101011011000 (base 2) to base 12
-5aa248
729a (base 13) to base 8
36744
Convert -3115520 (base 6) to base 4.
-210230220
Convert -3958071 (base 10) to base 16.
-3c6537
Convert -65a19 (base 13) to base 2.
-101100111011111111
What is 2115322 (base 6) in base 16?
194a2
5132665 (base 7) to base 16
95ba2
Convert 130030310000 (base 4) to base 13.
16baa8a
What is -24872525 (base 9) in base 14?
-189c591
Convert 166543 (base 7) to base 3.
1201000111
-43ac52 (base 13) to base 14
-2d734c
Convert -4d302c (base 15) to base 3.
-20222021101120
-3247766 (base 11) to base 13
-1249cb2
What is 12369 (base 13) in base 5?
2033144
Convert -1374602 (base 11) to base 5.
-1101111003
Convert 6602ee (base 15) to base 9.
10127528
Convert -2a7fa (base 16) to base 15.
-3689e
222032112 (base 4) to base 12
84106
Convert 32a4a32 (base 11) to base 14.
aa9d88
What is -174535 (base 9) in base 10?
-108329
Convert 10b5370 (base 12) to base 4.
30102323010
What is 10180711 (base 9) in base 4?
102223011223
What is -20b40 (base 15) in base 2?
-11001010101101001
What is d583 (base 14) in base 16?
8f9f
-8760872 (base 9) to base 10
-4704950
What is 398101 (base 11) in base 12?
262110
-40422303 (base 5) to base 6
-10555534
What is 3041184 (base 10) in base 16?
2e67a0
Convert 4b9d6 (base 15) to base 16.
3b0bb
31520320 (base 6) to base 11
584298
What is 214104203 (base 5) in base 8?
3417561
Convert -120120002001 (base 3) to base 5.
-34244420
-a0ac6a (base 16) to base 7
-155334261
What is 102232322 (base 4) in base 8?
225672
Convert -150163110 (base 7) to base 3.
-200122201120100
-15431630 (base 7) to base 15
-1e5852
465995 (base 10) to base 12
1a580b
What is 1000100010010110011111 (base 2) in base 5?
1033102410
What is 723216 (base 9) in base 15?
870d9
What is 289b085 (base 12) in base 6?
451024245
Convert -10002201022020 (base 3) to base 2.
-110010010010010010010
-16402451 (base 7) to base 12
-65063b
-13611 (base 7) to base 9
-5106
What is 2112041 (base 6) in base 11?
702a2
What is 3e81 (base 15) in base 14?
4c4c
16534533 (base 8) to base 2
1110101011100101011011
What is 43999 (base 11) in base 14?
1933c
-10110101010000011 (base 2) to base 4
-112222003
-34606335 (base 7) to base 3
-12201122222210
What is 3865cb (base 16) in base 11?
20a4a09
Convert -112525 (base 9) to base 5.
-4124441
What is -1d9c24 (base 14) in base 9?
-2001858
What is 7b8b1b (base 14) in base 7?
50540234
Convert -1bb411 (base 14) to base 16.
-f2097
Convert -b0c773 (base 13) to base 15.
-5634e4
1111000010010001101 (base 2) to base 16
7848d
What is e8c01 (base 16) in base 8?
3506001
What is -3967 (base 13) in base 10?
-8197
What is -215ad5 (base 14) in base 4?
-10103313023
-2969069 (base 10) to base 11
-1748784
Convert -110140405 (base 7) to base 12.
-2270124
-3322 (base 14) to base 12
-5156
What is 9a52130 (base 11) in base 7?
302600052
Convert -30704 (base 11) to base 10.
-44774
Convert -dda773 (base 14) to base 7.
-120630203
Convert 103110235 (base 6) to base 13.
4c0502
Convert 10a0ca (base 13) to base 6.
12233233
Convert 1072650 (base 9) to base 7.
4632042
What is -1433787 (base 9) in base 12?
-321321
Convert 203121121 (base 4) to base 2.
100011011001011001
What is -152192 (base 10) in base 4?
-211022000
1100021022 (base 3) to base 10
26441
What is -a5338 (base 11) in base 8?
-453575
Convert -12123410 (base 5) to base 16.
-1be36
Convert -25779 (base 13) to base 4.
-100330032
What is 2a397 (base 11) in base 14?
1199b
-34035100 (base 6) to base 16
-fbd0c
What is -99736 (base 13) in base 12?
-114aaa
What is -1200103 (base 5) in base 13?
-9c7b
889bd (base 14) to base 8
1206713
Convert 21521431 (base 6) to base 13.
199174
Convert 38ae18 (base 16) to base 11.
2107905
What is 30300323131 (base 4) in base 12?
1154511
What is -4614426 (base 11) in base 9?
-16164100
What is 140300 (base 8) in base 13?
195c9
Convert 551833 (base 10) to base 8.
2065631
b158 (base 15) to base 7
214064
What is 24041136 (base 8) in base 5?
2321303440
11819505 (base 10) to base 11
6743195
Convert -705564 (base 8) to base 13.
-8197b
-56a (base 14) to base 16
-432
What is -11110000101100011011000 (base 2) in base 6?
-441014104
Convert 11000010100010011 (base 2) to base 14.
28427
Convert 101001110001100000 (base 2) to base 13.
5cb5b
What is 7333a6 (base 11) in base 9?
2181741
Convert -132345321 (base 6) to base 9.
-4866674
4a717 (base 13) to base 6
2540105
Convert -3547a (base 15) to base 5.
-20413030
Convert -2510404 (base 6) to base 2.
-100000101000000100
What is 3401515 (base 6) in base 2?
101001110111010111
What is 14123020 (base 5) in base 4?
203133221
11242023 (base 5) to base 8
310553
-bc6931 (base 13) to base 15
-5cb0d3
Convert -de7d (base 16) to base 11.
-3987a
100011010001111101101101 (base 2) to base 10
9248621
What is 16145 (base 14) in base 8?
153541
What is 9322c (base 16) in base 15?
bd87d
-1211201002221 (base 3) to base 15
-144d67
Convert -212211220200 (base 3) to base 12.
-1a7799
10111100111110001011000 (base 2) to base 5
3041122331
1410344 (base 6) to base 10
79192
What is 1202b (base 16) in base 15?
16cd1
What is -68399a0 (base 11) in base 4?
-231223203123
14000013 (base 8) to base 4
30000000023
68531 (base 15) to base 12
140101
13410a (base 11) to base 9
350580
Convert 31163165 (base 7) to base 16.
27fcc8
What is 5611124 (base 7) in base 12?
2944a2
What is -101103322 (base 4) in base 8?
-212372
-a26aa (base 15) to base 12
-2098ba
-70da1 (base 16) to base 11
-29631a
-30101003 (base 4) to base 14
-1444b
Convert 69c59 (base 13) to base 9.
324062
20132443 (base 5) to base 7
1242130
6102343 (base 7) to base 16
b0a6d
-2a809 (base 13) to base 12
-3a685
-4f3427 (base 16) to base 11
-2a25934
What is 37273 (base 8) in base 13?
7404
Convert -41049 (base 10) to base 9.
-62270
Convert -109806 (base 13) to base 11.
-24891a
What is 14aa4a (base